
What is the remainder when 68143 is divided by 28?
19
Calculate the remainder when 2601 is divided by 432.
9
What is the remainder when 6737 is divided by 1684?
1
What is the remainder when 30047 is divided by 4278?
101
What is the remainder when 79395 is divided by 109?
43
What is the remainder when 13571 is divided by 62?
55
What is the remainder when 267 is divided by 9?
6
Calculate the remainder when 322810 is divided by 55.
15
What is the remainder when 5232 is divided by 441?
381
What is the remainder when 49519 is divided by 406?
393
Calculate the remainder when 52342 is divided by 84.
10
Calculate the remainder when 46549 is divided by 350.
349
Calculate the remainder when 68520 is divided by 44.
12
Calculate the remainder when 72168 is divided by 318.
300
What is the remainder when 381870 is divided by 58?
56
What is the remainder when 1175 is divided by 58?
15
What is the remainder when 62332 is divided by 141?
10
Calculate the remainder when 23164 is divided by 579.
4
What is the remainder when 3225 is divided by 564?
405
What is the remainder when 201780 is divided by 597?
591
Calculate the remainder when 11622 is divided by 5810.
2
What is the remainder when 1145 is divided by 394?
357
What is the remainder when 171453 is divided by 3297?
9
What is the remainder when 3428 is divided by 46?
24
Calculate the remainder when 1730375 is divided by 17.
13
Calculate the remainder when 29718 is divided by 168.
150
Calculate the remainder when 905350 is divided by 113168.
6
Calculate the remainder when 126671 is divided by 48.
47
What is the remainder when 3060 is divided by 86?
50
Calculate the remainder when 1681 is divided by 717.
247
What is the remainder when 3398 is divided by 21?
17
What is the remainder when 6964 is divided by 82?
76
Calculate the remainder when 49523 is divided by 41.
36
Calculate the remainder when 2648 is divided by 271.
209
Calculate the remainder when 1613 is divided by 77.
73
Calculate the remainder when 257838 is divided by 27.
15
Calculate the remainder when 222936 is divided by 222926.
10
What is the remainder when 861347 is divided by 161?
158
What is the remainder when 6025 is divided by 13?
6
Calculate the remainder when 6950 is divided by 772.
2
What is the remainder when 37474 is divided by 103?
85
Calculate the remainder when 7742 is divided by 167.
60
Calculate the remainder when 144675 is divided by 856.
11
What is the remainder when 1089 is divided by 355?
24
What is the remainder when 4073 is divided by 1332?
77
Calculate the remainder when 30980 is divided by 7744.
4
What is the remainder when 183292 is divided by 34?
32
What is the remainder when 144678 is divided by 87?
84
What is the remainder when 75231 is divided by 473?
24
What is the remainder when 74007 is divided by 138?
39
What is the remainder when 1100176 is divided by 23?
17
What is the remainder when 24303 is divided by 279?
30
What is the remainder when 11736 is divided by 420?
396
What is the remainder when 81 is divided by 6?
3
What is the remainder when 29592 is divided by 299?
290
Calculate the remainder when 6459 is divided by 198.
123
Calculate the remainder when 5691 is divided by 357.
336
What is the remainder when 4998 is divided by 303?
150
Calculate the remainder when 33932 is divided by 11306.
14
Calculate the remainder when 164471 is divided by 43.
39
What is the remainder when 18724 is divided by 9139?
446
What is the remainder when 5230 is divided by 2609?
12
Calculate the remainder when 1212 is divided by 286.
68
What is the remainder when 209546 is divided by 47?
20
What is the remainder when 700815 is divided by 3047?
5
Calculate the remainder when 19720 is divided by 986.
0
What is the remainder when 8413 is divided by 204?
49
Calculate the remainder when 20110 is divided by 345.
100
Calculate the remainder when 106045 is divided by 8.
5
What is the remainder when 114224 is divided by 1903?
44
What is the remainder when 2830 is divided by 1070?
690
What is the remainder when 182562 is divided by 3094?
16
Calculate the remainder when 375 is divided by 351.
24
What is the remainder when 1681 is divided by 130?
121
Calculate the remainder when 31763 is divided by 28.
11
What is the remainder when 13264 is divided by 3890?
1594
What is the remainder when 108358 is divided by 1290?
1288
Calculate the remainder when 49745 is divided by 448.
17
Calculate the remainder when 1014 is divided by 249.
18
What is the remainder when 3057 is divided by 661?
413
Calculate the remainder when 27345 is divided by 608.
593
What is the remainder when 26799 is divided by 185?
159
Calculate the remainder when 59208 is divided by 524.
520
What is the remainder when 132218 is divided by 8?
2
Calculate the remainder when 94862 is divided by 912.
14
What is the remainder when 4879 is divided by 231?
28
What is the remainder when 6376 is divided by 61?
32
Calculate the remainder when 9132 is divided by 608.
12
Calculate the remainder when 13288 is divided by 728.
184
Calculate the remainder when 1013 is divided by 762.
251
Calculate the remainder when 4596 is divided by 1531.
3
What is the remainder when 2096 is divided by 194?
156
What is the remainder when 79747 is divided by 38?
23
What is the remainder when 13747 is divided by 242?
195
What is the remainder when 10187 is divided by 1371?
590
Calculate the remainder when 734157 is divided by 460.
457
What is the remainder when 19808 is divided by 14?
12
What is the remainder when 111216 is divided by 226?
24
Calculate the remainder when 2641 is divided by 565.
381
What is the remainder when 10848 is divided by 5?
3
What is the remainder when 1544 is divided by 739?
66
Calculate the remainder when 47423 is divided by 78.
77
What is the remainder when 1869517 is divided by 287?
286
What is the remainder when 181828 is divided by 136?
132
Calculate the remainder when 12976 is divided by 4315.
31
Calculate the remainder when 6800 is divided by 6.
2
Calculate the remainder when 69578 is divided by 284.
282
Calculate the remainder when 2865 is divided by 44.
5
Calculate the remainder when 2101 is divided by 157.
60
Calculate the remainder when 23963 is divided by 85.
78
Calculate the remainder when 116558 is divided by 10595.
13
What is the remainder when 6344 is divided by 43?
23
Calculate the remainder when 104949 is divided by 144.
117
What is the remainder when 26837 is divided by 35?
27
What is the remainder when 92172 is divided by 75?
72
Calculate the remainder when 135852 is divided by 67920.
12
What is the remainder when 1513 is divided by 512?
489
What is the remainder when 247653 is divided by 22?
21
What is the remainder when 516319 is divided by 19?
13
What is the remainder when 4976 is divided by 3?
2
What is the remainder when 3774778 is divided by 374?
370
Calculate the remainder when 52258 is divided by 75.
58
Calculate the remainder when 9282 is divided by 342.
48
What is the remainder when 736159 is divided by 172?
171
What is the remainder when 43563 is divided by 14390?
393
What is the remainder when 1361 is divided by 900?
461
What is the remainder when 1836 is divided by 226?
28
What is the remainder when 2781 is divided by 339?
69
Calculate the remainder when 5872 is divided by 49.
41
What is the remainder when 278 is divided by 99?
80
Calculate the remainder when 122622 is divided by 16.
14
What is the remainder when 39394 is divided by 39383?
11
Calculate the remainder when 18756 is divided by 14.
10
Calculate the remainder when 403 is divided by 75.
28
What is the remainder when 2058 is divided by 49?
0
Calculate the remainder when 52730 is divided by 443.
13
What is the remainder when 900 is divided by 51?
33
What is the remainder when 2881 is divided by 2817?
64
What is the remainder when 26055 is divided by 2366?
29
Calculate the remainder when 15254 is divided by 45.
44
What is the remainder when 34802 is divided by 177?
110
What is the remainder when 3444 is divided by 1447?
550
Calculate the remainder when 94497 is divided by 46.
13
What is the remainder when 447713 is divided by 41?
34
What is the remainder when 12124 is divided by 69?
49
What is the remainder when 30166 is divided by 4?
2
Calculate the remainder when 486250 is divided by 5.
0
Calculate